{"id":1113,"date":"2022-04-29T04:27:23","date_gmt":"2022-04-29T04:27:23","guid":{"rendered":"https:\/\/emma.ntfnd.it\/?page_id=1113"},"modified":"2023-06-13T17:31:08","modified_gmt":"2023-06-13T15:31:08","slug":"home","status":"publish","type":"page","link":"https:\/\/emma.ntfnd.it\/","title":{"rendered":"Home"},"content":{"rendered":"\n<div class=\"wp-block-uagb-container uagb-block-13331d31 alignfull uagb-is-root-container\"><div class=\"uagb-container-inner-blocks-wrap\">\n<div class=\"wp-block-uagb-advanced-heading uagb-block-1a2c62e3\"><h6 class=\"uagb-heading-text\">      benvenuti nel nostro shop <\/h6><\/div>\n\n\n\n<div class=\"wp-block-uagb-advanced-heading uagb-block-6cbf8d5e\"><h1 class=\"uagb-heading-text\">StyleHeven<\/h1><\/div>\n<\/div><\/div>\n\n\n\n<div class=\"wp-block-uagb-container uagb-block-5c73bee7 alignfull uagb-is-root-container\"><div class=\"uagb-container-inner-blocks-wrap\"><\/div><\/div>\n\n\n\n<div class=\"wp-block-uagb-container uagb-block-2123bb94 alignfull uagb-is-root-container\"><div class=\"uagb-container-inner-blocks-wrap\">\n<div class=\"wp-block-uagb-container uagb-block-24a3c345\">\n<div class=\"wp-block-uagb-image uagb-block-3fd156f6 wp-block-uagb-image--layout-default wp-block-uagb-image--effect-static wp-block-uagb-image--align-none\"><figure class=\"wp-block-uagb-image__figure\"><img decoding=\"async\" srcset=\"https:\/\/emma.ntfnd.it\/wp-content\/uploads\/2023\/06\/logo-per-g.m-1.png \" sizes=\"auto, (max-width: 480px) 150px\" src=\"https:\/\/emma.ntfnd.it\/wp-content\/uploads\/2023\/06\/logo-per-g.m-1.png\" alt=\"\" class=\"uag-image-1804\" width=\"1866\" height=\"1866\" title=\"\" loading=\"lazy\"\/><\/figure><\/div>\n<\/div>\n\n\n\n<div class=\"wp-block-uagb-container uagb-block-aa6e5665\">\n<div class=\"wp-block-uagb-info-box uagb-block-0da39a98 uagb-infobox__content-wrap  uagb-infobox-icon-above-title uagb-infobox-image-valign-top\"><div class=\"uagb-ifb-content\"><div class=\"uagb-ifb-title-wrap\"><div class=\"uagb-ifb-separator\"><\/div><h2 class=\"uagb-ifb-title\">Chi siamo ?cosa offriamo?<\/h2><\/div><p class=\"uagb-ifb-desc\">Noi siamo  una societ\u00e0 di persone, che vogliono offrire a tutti dei capi che vadano ad ogni tipo di donna, che sia confortevole e che faccia risaltare ogni tipo di forma.<br>Nasciamo nell&#8217;anno 2023 con un&#8217;idea di dare sia capi di alta qualit\u00e0 e un prezzo a portata di tutti, con ogni tipo di esigenza.<\/p><div class=\"uagb-ifb-button-wrapper wp-block-button\"><a href=\"#\" class=\"uagb-infobox-cta-link wp-block-button__link\" target=\"_self\" rel=\"noopener noreferrer\" onclick=\"return false;\" alt=\"\"><span class=\"uagb-inline-editing\">Read More<\/span><\/a><\/div><\/div><\/div>\n<\/div>\n\n\n\n<div class=\"wp-block-uagb-container uagb-block-b389493e\">\n<div class=\"wp-block-uagb-container uagb-block-2fe20487\"><\/div>\n<\/div>\n<\/div><\/div>\n\n\n\n<div class=\"wp-block-uagb-container uagb-block-9ddbd659 alignfull uagb-is-root-container\"><div class=\"uagb-container-inner-blocks-wrap\">\n<div class=\"wp-block-uagb-container uagb-block-81a6046a\">\n<div class=\"wp-block-uagb-info-box uagb-block-b2bab30d uagb-infobox__content-wrap  uagb-infobox-icon-above-title uagb-infobox-image-valign-top\"><div class=\"uagb-ifb-content\"><div class=\"uagb-ifb-title-wrap\"><h2 class=\"uagb-ifb-title\">&#8220;Stile che ispira, moda che conquista!&#8221;<\/h2><\/div><div class=\"uagb-ifb-button-wrapper wp-block-button\"><a href=\"#\" class=\"uagb-infobox-cta-link wp-block-button__link\" target=\"_self\" rel=\"noopener noreferrer\" onclick=\"return false;\" alt=\"\"><span class=\"uagb-inline-editing\">Watch the Videos<\/span><svg xmlns=\"https:\/\/www.w3.org\/2000\/svg\" viewBox=\"0 0 576 512\"><path d=\"M549.7 124.1c-6.281-23.65-24.79-42.28-48.28-48.6C458.8 64 288 64 288 64S117.2 64 74.63 75.49c-23.5 6.322-42 24.95-48.28 48.6-11.41 42.87-11.41 132.3-11.41 132.3s0 89.44 11.41 132.3c6.281 23.65 24.79 41.5 48.28 47.82C117.2 448 288 448 288 448s170.8 0 213.4-11.49c23.5-6.321 42-24.17 48.28-47.82 11.41-42.87 11.41-132.3 11.41-132.3s0-89.44-11.41-132.3zm-317.5 213.5V175.2l142.7 81.21-142.7 81.2z\"><\/path><\/svg><\/a><\/div><\/div><\/div>\n<\/div>\n<\/div><\/div>\n\n\n\n<div class=\"wp-block-uagb-container uagb-block-c8e7d7af alignfull uagb-is-root-container\"><div class=\"uagb-container-inner-blocks-wrap\">\n<div class=\"wp-block-uagb-container uagb-block-342a03af\">\n<div class=\"wp-block-uagb-container uagb-block-30ba5a0d\">\n<div class=\"wp-block-uagb-advanced-heading uagb-block-4b59dcd1\"><h2 class=\"uagb-heading-text\">Preferito dai clienti<\/h2><p class=\"uagb-desc-text\">Scopri i nostri capi, dove il desiderio dei clienti diventa realt\u00e0 e la qualit\u00e0 \u00e8 apprezzata da tutti!<\/p><\/div>\n<\/div>\n<\/div>\n<\/div><\/div>\n\n\n\n<div class=\"wp-block-uagb-container uagb-block-bea469ad alignfull uagb-is-root-container\"><div class=\"uagb-container-inner-blocks-wrap\">\n<div class=\"wp-block-uagb-container uagb-block-977c26c6\">\n<div class=\"wp-block-uagb-advanced-heading uagb-block-6105b6b5\"><h2 class=\"uagb-heading-text\">COMMENTI <\/h2><\/div>\n\n\n\n<div class=\"wp-block-uagb-container uagb-block-406cfac9\">\n<div class=\"wp-block-uagb-container uagb-block-ed826ce5\">\n<div class=\"wp-block-uagb-star-rating uagb-block-a8f412bc\"><div class=\"uag-star-rating\" title=\"5\/5\"><span class=\"uag-star\">\u2605<\/span><span class=\"uag-star\">\u2605<\/span><span class=\"uag-star\">\u2605<\/span><span class=\"uag-star\">\u2605<\/span><span class=\"uag-star\">\u2605<\/span><\/div><\/div>\n\n\n\n<div class=\"wp-block-uagb-advanced-heading uagb-block-70f4a5df\"><p class=\"uagb-heading-text\">mi sono trovata molto bene, ci sono molte variet\u00e0 di vestiti e molte taglie <\/p><\/div>\n\n\n\n<div class=\"wp-block-uagb-info-box uagb-block-5ff7ae47 uagb-infobox__content-wrap  uagb-infobox-icon-above-title uagb-infobox-image-valign-top\"><div class=\"uagb-ifb-content\"><div class=\"uagb-ifb-image-content\"><img decoding=\"async\" src=\"https:\/\/emma.ntfnd.it\/wp-content\/uploads\/2021\/08\/skin-cleanser-template-testimonials-avatar-img-2.jpg\" alt=\"\" width=\"40\" height=\"40\" loading=\"lazy\"\/><\/div><div class=\"uagb-ifb-title-wrap\"><p class=\"uagb-ifb-title\">sare rossi <\/p><\/div><\/div><\/div>\n<\/div>\n\n\n\n<div class=\"wp-block-uagb-container uagb-block-a7e9a4f1\">\n<div class=\"wp-block-uagb-star-rating uagb-block-fcc1651c\"><div class=\"uag-star-rating\" title=\"5\/5\"><span class=\"uag-star\">\u2605<\/span><span class=\"uag-star\">\u2605<\/span><span class=\"uag-star\">\u2605<\/span><span class=\"uag-star\">\u2605<\/span><span class=\"uag-star\">\u2605<\/span><\/div><\/div>\n\n\n\n<div class=\"wp-block-uagb-advanced-heading uagb-block-cd2a6ba7\"><p class=\"uagb-heading-text\">arrivato nei tempi previsti, tutto in ottimo condizioni <\/p><\/div>\n\n\n\n<div class=\"wp-block-uagb-info-box uagb-block-8f718e8f uagb-infobox__content-wrap  uagb-infobox-icon-above-title uagb-infobox-image-valign-top\"><div class=\"uagb-ifb-content\"><div class=\"uagb-ifb-image-content\"><img decoding=\"async\" src=\"https:\/\/emma.ntfnd.it\/wp-content\/uploads\/2021\/08\/skin-cleanser-template-testimonial-avatar-img.jpg\" alt=\"\" width=\"40\" height=\"40\" loading=\"lazy\"\/><\/div><div class=\"uagb-ifb-title-wrap\"><p class=\"uagb-ifb-title\">ALICIA HEART\u200b<\/p><\/div><\/div><\/div>\n<\/div>\n\n\n\n<div class=\"wp-block-uagb-container uagb-block-6ce9af75\">\n<div class=\"wp-block-uagb-star-rating uagb-block-0b55d329\"><div class=\"uag-star-rating\" title=\"5\/5\"><span class=\"uag-star\">\u2605<\/span><span class=\"uag-star\">\u2605<\/span><span class=\"uag-star\">\u2605<\/span><span class=\"uag-star\">\u2605<\/span><span class=\"uag-star\">\u2605<\/span><\/div><\/div>\n\n\n\n<div class=\"wp-block-uagb-advanced-heading uagb-block-21191463\"><p class=\"uagb-heading-text\">ho comprato un vestito per la mia fidanzata per il  suo compleanno e lo adora, tutto arrivato nei tempi previsti <\/p><\/div>\n\n\n\n<div class=\"wp-block-uagb-info-box uagb-block-b128e6b6 uagb-infobox__content-wrap  uagb-infobox-icon-above-title uagb-infobox-image-valign-top\"><div class=\"uagb-ifb-content\"><div class=\"uagb-ifb-image-content\"><img decoding=\"async\" src=\"https:\/\/emma.ntfnd.it\/wp-content\/uploads\/2021\/08\/skin-cleanser-template-testimonials-avatar-img-1.jpg\" alt=\"\" width=\"40\" height=\"40\" loading=\"lazy\"\/><\/div><div class=\"uagb-ifb-title-wrap\"><p class=\"uagb-ifb-title\">JUAN CARLOS\u200b<\/p><\/div><\/div><\/div>\n<\/div>\n<\/div>\n<\/div>\n<\/div><\/div>\n\n\n\n<div class=\"wp-block-uagb-container uagb-block-5bce80d7 alignfull uagb-is-root-container\"><div class=\"uagb-container-inner-blocks-wrap\">\n<div class=\"wp-block-uagb-container uagb-block-aa926973\">\n<div class=\"wp-block-uagb-advanced-heading uagb-block-e5019793\"><h4 class=\"uagb-heading-text\">Follow Us @stylehaven<\/h4><\/div>\n\n\n\n<div class=\"wp-block-uagb-container uagb-block-41b619cf\">\n<div class=\"wp-block-uagb-container uagb-block-479da49c\">\n<div class=\"wp-block-uagb-image uagb-block-3da309c2 wp-block-uagb-image--layout-default wp-block-uagb-image--effect-static wp-block-uagb-image--align-none\"><figure class=\"wp-block-uagb-image__figure\"><img decoding=\"async\" srcset=\"https:\/\/emma.ntfnd.it\/wp-content\/uploads\/2023\/06\/ibrahima-toure-GQWX-N1KF58-unsplash-683x1024.jpg \" sizes=\"auto, (max-width: 480px) 150px\" src=\"https:\/\/emma.ntfnd.it\/wp-content\/uploads\/2023\/06\/ibrahima-toure-GQWX-N1KF58-unsplash-683x1024.jpg\" alt=\"\" class=\"uag-image-1830\" width=\"608\" height=\"912\" title=\"\" loading=\"lazy\"\/><\/figure><\/div>\n<\/div>\n\n\n\n<div class=\"wp-block-uagb-container uagb-block-c2f5be8c\">\n<div class=\"wp-block-uagb-image aligncenter uagb-block-867d228b wp-block-uagb-image--layout-default wp-block-uagb-image--effect-static wp-block-uagb-image--align-center\"><figure class=\"wp-block-uagb-image__figure\"><img decoding=\"async\" srcset=\"https:\/\/emma.ntfnd.it\/wp-content\/uploads\/2023\/06\/klara-kulikova-lAZ3EXwFjko-unsplash-683x1024.jpg \" sizes=\"auto, (max-width: 480px) 150px\" src=\"https:\/\/emma.ntfnd.it\/wp-content\/uploads\/2023\/06\/klara-kulikova-lAZ3EXwFjko-unsplash-683x1024.jpg\" alt=\"\" class=\"uag-image-1831\" width=\"683\" height=\"1024\" title=\"\" loading=\"lazy\"\/><\/figure><\/div>\n<\/div>\n\n\n\n<div class=\"wp-block-uagb-container uagb-block-83352fdc\">\n<div class=\"wp-block-uagb-image aligncenter uagb-block-667e6701 wp-block-uagb-image--layout-default wp-block-uagb-image--effect-static wp-block-uagb-image--align-center\"><figure class=\"wp-block-uagb-image__figure\"><img decoding=\"async\" srcset=\"https:\/\/emma.ntfnd.it\/wp-content\/uploads\/2023\/06\/elise-wilcox-zNM61z9RZMA-unsplash-683x1024.jpg \" sizes=\"auto, (max-width: 480px) 150px\" src=\"https:\/\/emma.ntfnd.it\/wp-content\/uploads\/2023\/06\/elise-wilcox-zNM61z9RZMA-unsplash-683x1024.jpg\" alt=\"\" class=\"uag-image-1832\" width=\"683\" height=\"1024\" title=\"\" loading=\"lazy\"\/><\/figure><\/div>\n<\/div>\n\n\n\n<div class=\"wp-block-uagb-container uagb-block-301f2d32\">\n<div class=\"wp-block-uagb-image aligncenter uagb-block-5f079847 wp-block-uagb-image--layout-default wp-block-uagb-image--effect-static wp-block-uagb-image--align-center\"><figure class=\"wp-block-uagb-image__figure\"><img decoding=\"async\" srcset=\"https:\/\/emma.ntfnd.it\/wp-content\/uploads\/2023\/06\/dynamic-wang-YcrhIRrCrLg-unsplash-1.jpg \" sizes=\"auto, (max-width: 480px) 150px\" src=\"https:\/\/emma.ntfnd.it\/wp-content\/uploads\/2023\/06\/dynamic-wang-YcrhIRrCrLg-unsplash-1.jpg\" alt=\"\" class=\"uag-image-1827\" width=\"1200\" height=\"1198\" title=\"\" loading=\"lazy\"\/><\/figure><\/div>\n<\/div>\n\n\n\n<div class=\"wp-block-uagb-container uagb-block-1a956ea0\">\n<div class=\"wp-block-uagb-image aligncenter uagb-block-6b7c71ae wp-block-uagb-image--layout-default wp-block-uagb-image--effect-static wp-block-uagb-image--align-center\"><figure class=\"wp-block-uagb-image__figure\"><img decoding=\"async\" srcset=\"https:\/\/emma.ntfnd.it\/wp-content\/uploads\/2023\/06\/soroush-golpoor-m6omk1DPGNg-unsplash-scaled.jpg \" sizes=\"auto, (max-width: 480px) 150px\" src=\"https:\/\/emma.ntfnd.it\/wp-content\/uploads\/2023\/06\/soroush-golpoor-m6omk1DPGNg-unsplash-scaled.jpg\" alt=\"\" class=\"uag-image-1833\" width=\"1707\" height=\"2560\" title=\"\" loading=\"lazy\"\/><\/figure><\/div>\n<\/div>\n\n\n\n<div class=\"wp-block-uagb-container uagb-block-afb8977c\">\n<div class=\"wp-block-uagb-image aligncenter uagb-block-a3af82f2 wp-block-uagb-image--layout-default wp-block-uagb-image--effect-static wp-block-uagb-image--align-center\"><figure class=\"wp-block-uagb-image__figure\"><img decoding=\"async\" srcset=\"https:\/\/emma.ntfnd.it\/wp-content\/uploads\/2023\/06\/pascal-brauer-8bfSoRSsDX4-unsplash-683x1024.jpg \" sizes=\"auto, (max-width: 480px) 150px\" src=\"https:\/\/emma.ntfnd.it\/wp-content\/uploads\/2023\/06\/pascal-brauer-8bfSoRSsDX4-unsplash-683x1024.jpg\" alt=\"\" class=\"uag-image-1814\" width=\"683\" height=\"1024\" title=\"\" loading=\"lazy\"\/><\/figure><\/div>\n<\/div>\n<\/div>\n<\/div>\n<\/div><\/div>\n\n\n\n<div class=\"wp-block-uagb-container uagb-block-f9935a3c alignfull uagb-is-root-container\"><div class=\"uagb-container-inner-blocks-wrap\">\n<div class=\"wp-block-uagb-container uagb-block-5a381224\">\n<div class=\"wp-block-uagb-info-box uagb-block-df7c8964 uagb-infobox__content-wrap  uagb-infobox-icon-left uagb-infobox-left uagb-infobox-stacked-mobile uagb-infobox-image-valign-middle\"><div class=\"uagb-ifb-icon-wrap\"><div class=\"uagb-iconbox-icon-wrap uagb-infobox-shape-circle\"><svg xmlns=\"https:\/\/www.w3.org\/2000\/svg\" viewBox=\"0 0 640 512\"><path d=\"M368 0C394.5 0 416 21.49 416 48V96H466.7C483.7 96 499.1 102.7 512 114.7L589.3 192C601.3 204 608 220.3 608 237.3V352C625.7 352 640 366.3 640 384C640 401.7 625.7 416 608 416H576C576 469 533 512 480 512C426.1 512 384 469 384 416H256C256 469 213 512 160 512C106.1 512 64 469 64 416H48C21.49 416 0 394.5 0 368V48C0 21.49 21.49 0 48 0H368zM416 160V256H544V237.3L466.7 160H416zM160 368C133.5 368 112 389.5 112 416C112 442.5 133.5 464 160 464C186.5 464 208 442.5 208 416C208 389.5 186.5 368 160 368zM480 464C506.5 464 528 442.5 528 416C528 389.5 506.5 368 480 368C453.5 368 432 389.5 432 416C432 442.5 453.5 464 480 464z\"><\/path><\/svg><\/div><\/div><div class=\"uagb-ifb-content\"><div class=\"uagb-ifb-title-wrap\"><h6 class=\"uagb-ifb-title\">consegna gratuita <\/h6><\/div><p class=\"uagb-ifb-desc\">grazie alla nostra grade rete di trasporti <\/p><\/div><\/div>\n<\/div>\n\n\n\n<div class=\"wp-block-uagb-container uagb-block-7a6ac754\">\n<div class=\"wp-block-uagb-info-box uagb-block-1bd85b1f uagb-infobox__content-wrap  uagb-infobox-icon-left uagb-infobox-left uagb-infobox-stacked-mobile uagb-infobox-image-valign-middle\"><div class=\"uagb-ifb-icon-wrap\"><div class=\"uagb-iconbox-icon-wrap uagb-infobox-shape-circle\"><svg xmlns=\"https:\/\/www.w3.org\/2000\/svg\" viewBox=\"0 0 576 512\"><path d=\"M512 32C547.3 32 576 60.65 576 96V128H0V96C0 60.65 28.65 32 64 32H512zM576 416C576 451.3 547.3 480 512 480H64C28.65 480 0 451.3 0 416V224H576V416zM112 352C103.2 352 96 359.2 96 368C96 376.8 103.2 384 112 384H176C184.8 384 192 376.8 192 368C192 359.2 184.8 352 176 352H112zM240 384H368C376.8 384 384 376.8 384 368C384 359.2 376.8 352 368 352H240C231.2 352 224 359.2 224 368C224 376.8 231.2 384 240 384z\"><\/path><\/svg><\/div><\/div><div class=\"uagb-ifb-content\"><div class=\"uagb-ifb-title-wrap\"><h6 class=\"uagb-ifb-title\">pagamenti veloci <\/h6><\/div><p class=\"uagb-ifb-desc\">disponibile anche pagamento a rate <\/p><\/div><\/div>\n<\/div>\n\n\n\n<div class=\"wp-block-uagb-container uagb-block-3a396349\">\n<div class=\"wp-block-uagb-info-box uagb-block-c4802973 uagb-infobox__content-wrap  uagb-infobox-icon-left uagb-infobox-left uagb-infobox-stacked-mobile uagb-infobox-image-valign-middle\"><div class=\"uagb-ifb-icon-wrap\"><div class=\"uagb-iconbox-icon-wrap uagb-infobox-shape-circle\"><svg xmlns=\"https:\/\/www.w3.org\/2000\/svg\" viewBox=\"0 0 640 512\"><path d=\"M272 32H368.6C388.1 32 406.5 40.84 418.6 56.02L527.4 192H576C593.7 192 608 206.3 608 224V288C625.7 288 640 302.3 640 320C640 337.7 625.7 352 608 352H574.9C575.6 357.2 576 362.6 576 368C576 429.9 525.9 480 464 480C402.1 480 352 429.9 352 368C352 362.6 352.4 357.2 353.1 352H286.9C287.6 357.2 288 362.6 288 368C288 429.9 237.9 480 176 480C114.1 480 64 429.9 64 368C64 362.6 64.39 357.2 65.13 352H32C14.33 352 0 337.7 0 320C0 302.3 14.33 288 32 288V224C32 206.3 46.33 192 64 192H224V80C224 53.49 245.5 32 272 32H272zM368.6 96H288V192H445.4L368.6 96zM176 416C202.5 416 224 394.5 224 368C224 341.5 202.5 320 176 320C149.5 320 128 341.5 128 368C128 394.5 149.5 416 176 416zM464 416C490.5 416 512 394.5 512 368C512 341.5 490.5 320 464 320C437.5 320 416 341.5 416 368C416 394.5 437.5 416 464 416z\"><\/path><\/svg><\/div><\/div><div class=\"uagb-ifb-content\"><div class=\"uagb-ifb-title-wrap\"><h6 class=\"uagb-ifb-title\">rintraccia il tuo pacco <\/h6><\/div><p class=\"uagb-ifb-desc\">grazie a al codice dopo l&#8217;ordine <\/p><\/div><\/div>\n<\/div>\n\n\n\n<div class=\"wp-block-uagb-container uagb-block-db9973ac\">\n<div class=\"wp-block-uagb-info-box uagb-block-069206ba uagb-infobox__content-wrap  uagb-infobox-icon-left uagb-infobox-left uagb-infobox-stacked-mobile uagb-infobox-image-valign-middle\"><div class=\"uagb-ifb-icon-wrap\"><div class=\"uagb-iconbox-icon-wrap uagb-infobox-shape-circle\"><svg xmlns=\"https:\/\/www.w3.org\/2000\/svg\" viewBox=\"0 0 512 512\"><path d=\"M256 0C114.6 0 0 114.6 0 256s114.6 256 256 256s256-114.6 256-256S397.4 0 256 0zM256 400c-18 0-32-14-32-32s13.1-32 32-32c17.1 0 32 14 32 32S273.1 400 256 400zM325.1 258L280 286V288c0 13-11 24-24 24S232 301 232 288V272c0-8 4-16 12-21l57-34C308 213 312 206 312 198C312 186 301.1 176 289.1 176h-51.1C225.1 176 216 186 216 198c0 13-11 24-24 24s-24-11-24-24C168 159 199 128 237.1 128h51.1C329 128 360 159 360 198C360 222 347 245 325.1 258z\"><\/path><\/svg><\/div><\/div><div class=\"uagb-ifb-content\"><div class=\"uagb-ifb-title-wrap\"><h6 class=\"uagb-ifb-title\">stylehaven@gmail.it<\/h6><\/div><p class=\"uagb-ifb-desc\">scrivici quando vuoi, per ogni informazione <\/p><\/div><\/div>\n<\/div>\n<\/div><\/div>\n","protected":false},"excerpt":{"rendered":"<p>benvenuti nel nostro shop StyleHeven Preferito dai clienti Scopri i nostri capi, dove il desiderio dei clienti diventa realt\u00e0 e la qualit\u00e0 \u00e8 apprezzata da tutti! COMMENTI mi sono trovata molto bene, ci sono molte variet\u00e0 di vestiti e molte taglie arrivato nei tempi previsti, tutto in ottimo condizioni ho comprato un vestito per la &hellip;<\/p>\n<p class=\"read-more\"> <a class=\"\" href=\"https:\/\/emma.ntfnd.it\/\"> <span class=\"screen-reader-text\">Home<\/span> Leggi altro &raquo;<\/a><\/p>\n","protected":false},"author":1,"featured_media":0,"parent":0,"menu_order":0,"comment_status":"closed","ping_status":"closed","template":"","meta":{"_uag_custom_page_level_css":"","site-sidebar-layout":"no-sidebar","site-content-layout":"page-builder","ast-global-header-display":"","ast-banner-title-visibility":"","ast-main-header-display":"","ast-hfb-above-header-display":"","ast-hfb-below-header-display":"","ast-hfb-mobile-header-display":"","site-post-title":"disabled","ast-breadcrumbs-content":"disabled","ast-featured-img":"","footer-sml-layout":"","theme-transparent-header-meta":"enabled","adv-header-id-meta":"","stick-header-meta":"","header-above-stick-meta":"","header-main-stick-meta":"","header-below-stick-meta":"","footnotes":""},"class_list":["post-1113","page","type-page","status-publish","hentry"],"uagb_featured_image_src":{"full":false,"thumbnail":false,"medium":false,"medium_large":false,"large":false,"1536x1536":false,"2048x2048":false,"woocommerce_thumbnail":false,"woocommerce_single":false,"woocommerce_gallery_thumbnail":false},"uagb_author_info":{"display_name":"admin","author_link":"https:\/\/emma.ntfnd.it\/?author=1"},"uagb_comment_info":0,"uagb_excerpt":"benvenuti nel nostro shop StyleHeven Preferito dai clienti Scopri i nostri capi, dove il desiderio dei clienti diventa realt\u00e0 e la qualit\u00e0 \u00e8 apprezzata da tutti! COMMENTI mi sono trovata molto bene, ci sono molte variet\u00e0 di vestiti e molte taglie arrivato nei tempi previsti, tutto in ottimo condizioni ho comprato un vestito per la&hellip;","_links":{"self":[{"href":"https:\/\/emma.ntfnd.it\/index.php?rest_route=\/wp\/v2\/pages\/1113","targetHints":{"allow":["GET"]}}],"collection":[{"href":"https:\/\/emma.ntfnd.it\/index.php?rest_route=\/wp\/v2\/pages"}],"about":[{"href":"https:\/\/emma.ntfnd.it\/index.php?rest_route=\/wp\/v2\/types\/page"}],"author":[{"embeddable":true,"href":"https:\/\/emma.ntfnd.it\/index.php?rest_route=\/wp\/v2\/users\/1"}],"replies":[{"embeddable":true,"href":"https:\/\/emma.ntfnd.it\/index.php?rest_route=%2Fwp%2Fv2%2Fcomments&post=1113"}],"version-history":[{"count":10,"href":"https:\/\/emma.ntfnd.it\/index.php?rest_route=\/wp\/v2\/pages\/1113\/revisions"}],"predecessor-version":[{"id":1853,"href":"https:\/\/emma.ntfnd.it\/index.php?rest_route=\/wp\/v2\/pages\/1113\/revisions\/1853"}],"wp:attachment":[{"href":"https:\/\/emma.ntfnd.it\/index.php?rest_route=%2Fwp%2Fv2%2Fmedia&parent=1113"}],"curies":[{"name":"wp","href":"https:\/\/api.w.org\/{rel}","templated":true}]}}